5*g + 5*i. What is the units digit of w(g)?
7
Let k = 6 + -1. Let c be (-7 + 10)*2/6. Suppose -t + c + k = 0. What is the units digit of t?
6
Let f = -25 + 49. What is the tens digit of f?
2
What is the hundreds digit of (-36)/162 - 2290/(-18)?
1
What is the units digit of ((-4)/(48/9))/((-7)/504)?
4
Let q = -4 - -6. Suppose -28 = -q*x - 10. What is the units digit of x?
9
Let k(j) = j**2 + 2*j - 5. Let o be k(-4). Suppose -o*f = -63 - 0. What is the units digit of f?
1
Suppose 14 = c + 4*i, -3*c - 3*i = -2*i + 2. Let u = -4 - c. What is the units digit of 3 - (0 + (-2)/u)?
2
Let y = 12 - 7. Let u = 4 - -4. Suppose 4*j + u = s, -5*s + 11 = -s + y*j. What is the units digit of s?
4
Suppose -2*y + 4*r - 28 = 2*y, -y - r = -1. Let p be ((-3)/3 + 1)/y. Suppose p = -4*z + 21 - 5. What is the units digit of z?
4
Let h = -2 - 1. Let x be ((-14)/(-8))/(h/(-24)). Suppose 3*i - x = 2*t, -3*i + 53 = 5*t + 4. What is the units digit of i?
8
Suppose -4*k = -k + 18. Let u(w) = w**2 + 2*w - 4. What is the tens digit of u(k)?
2
What is the tens digit of 4 - 0 - (-120)/12?
1
What is the hundreds digit of (129/(-27) - -5) + (-6933)/(-27)?
2
Suppose 0 + 7 = h. What is the units digit of h?
7
Suppose 3*p = 68 + 223. Suppose 70 + 95 = 5*j - 4*u, -2*u - p = -3*j. What is the tens digit of j?
2
What is the units digit of (-2)/8 - (-294)/24?
2
Let h(n) = 87*n**3 + 2*n**2 - n. What is the tens digit of h(1)?
8
Let i(z) = 3*z**2 + z - 2. Let m be i(3). What is the tens digit of 7/m + (-294)/(-8)?
3
What is the tens digit of 1*4/(-8)*-118?
5
Suppose 4*y + 248 = 700. What is the hundreds digit of y?
1
Let t = 44 + 8. What is the tens digit of t?
5
Let t(q) = 5*q**2 + 4*q + 2. Let w be t(-2). Let p be 5 + 8/(-2 - 2). Suppose -4*m + p*c = -11, 7*c - w = -m + 4*c. What is the units digit of m?
5
Let n be 0/(4 - 1) + 14. Let v = n - 11. What is the units digit of v?
3
Let n(s) = s**2 - 6*s + 1. Let y be n(6). Let w = 10 + y. What is the tens digit of w?
1
Let u be (2/2)/((-3)/(-15)). Let d(z) = -3*z - 17. Let f(p) = p + 8. Let y(l) = 2*d(l) + 5*f(l). What is the units digit of y(u)?
1
Let t(r) = r - 1. Let p be (-1 + -2 - -5) + 3. What is the units digit of t(p)?
4
Suppose -4*m - 1 - 7 = w, -2*m - 22 = -w. What is the tens digit of w?
1
Suppose -j + 0*j = -3*w + 190, -w - 2*j = -75. What is the tens digit of w?
6
Let r(a) = 3*a - 1. Let z(y) be the second derivative of -y**4/12 + 2*y**3/3 + 5*y**2/2 - 2*y. Let o be z(4). What is the tens digit of r(o)?
1
Let n be 4/(-10) - (-17)/5. Suppose 144 = 4*a - 5*i + 3*i, 0 = 3*a + n*i - 108. Suppose 2 = 5*m + 3*p - a, -2*m = 4*p - 18. What is the units digit of m?
7
What is the units digit of (-1*(-106)/(-3))/(4/(-30))?
5
Suppose 5 = -5*z - 5*p, 0*z - p + 1 = 2*z. Suppose 4*f + z = 3*f. Let n(u) = -2*u - 2. What is the units digit of n(f)?
2
Let q = 2 - 4. Suppose -14 = -2*i - 5*j, 0 = 2*i - 0*j + 3*j - 6. What is the units digit of q/((-6)/i) + 9?
8
Let g(z) = -3*z + 7. Let k be g(-9). Let a = k + -24. What is the units digit of a?
0
Let l = -4 + 3. Let k be 1*7 + (l - 0). What is the units digit of 19/2 - k/12?
9
Suppose 0 = -3*g + 6, g - 134 = -2*w - 0*g. What is the units digit of w?
6
Suppose n = 5*n + 3*h - 15, 0 = -2*n + 2*h + 4. Suppose n*g + 11 = -1. Let w = 6 + g. What is the units digit of w?
2
Let d be 5/(-15) - 1/(-3). Let v(t) = t + 34. What is the tens digit of v(d)?
3
Let i(x) = 4*x**2 + 2*x + 2. Let g be i(-1). Suppose 0*l + 128 = g*l. What is the tens digit of l?
3
Let f(o) = 2*o**2 + o - 1. Let v be 2 + 1*(-2)/2. Suppose -5*s + 4 + v = 0. What is the units digit of f(s)?
2
Let z be 3/(9/(-6)) + 7. Let b be 2*17 + 2 - 1. Suppose -4*r = -z - b. What is the units digit of r?
0
Suppose -4*r + 4*l = -16, -3*r - 3*l = -10 - 2. Suppose 340 = 3*a + 4. Suppose 5*w - a = -m - r, 4*m - 12 = 0. What is the units digit of w?
1
Suppose 0*w - 4*w + 20 = 0. Let v = -3 + w. What is the units digit of v?
2
Let f = 6 + -2. Suppose -20 = f*b, -t - 2*b = -0*t + 6. Suppose t*z - z = 6. What is the units digit of z?
2
Let z(i) = i**3 - 6*i**2 - 7*i + 9. Let h be z(7). Suppose 0 = -x + h + 1. What is the units digit of x?
0
Let p be (-6)/(-21) - 60/14. Let f(m) = m**2 + 4*m + 9. Let y(l) = -l**2 - 3*l - 8. Let t(z) = p*f(z) - 5*y(z). What is the units digit of t(0)?
4
Let s be (24/(-42))/((-4)/14). Suppose -s*q + 2*x = 14, 2*x = 3*x - 3. What is the units digit of 4/8*(2 - q)?
3
Let u(r) = 2*r**2 + 4*r - 2. Let m be u(-3). Let o(h) = -4*h**3 - 6*h**2 + 6*h + h**2 + 5*h**3 - 1. What is the units digit of o(m)?
7
Let w be 7 - (0 + -1 + 0). Let j(q) = -q**2 + 7*q - 2. Let i be j(w). Let p = -5 - i. What is the units digit of p?
5
Let c(r) = -9*r - 1. Let s be (-1)/(42/10 - 4). What is the tens digit of c(s)?
4
What is the units digit of (2 - -16)*2/3?
2
What is the units digit of (1 - -3)/4 + 1*63?
4
Let f(g) = -g**2 - 4*g - 9. Let o(c) = -2*c**2 - 9*c - 17. Let k(n) = -5*f(n) + 3*o(n). Let d be k(-5). What is the units digit of (2/d)/((-4)/(-8))?
1
Suppose 0*y + 3*y = 201. What is the units digit of y?
7
Let l(j) = -j + 9. Let i be l(5). Suppose -i*s - 5*k + 7 = -0*k, -4*k - 13 = -3*s. Suppose 4 + 11 = s*r. What is the units digit of r?
5
Let m = -8 - -3. Let l be 2/(-3)*(m - -2). Suppose g - 3*j = -2*j + 9, -j - 22 = -l*g. What is the units digit of g?
3
Let d be 2/(-3) + (-20)/(-12). Let h be 3 + 4 - 2/d. Suppose 0 = -9*y + 4*y + h. What is the units digit of y?
1
Let r be -2 - (3/(-1) + -5). What is the units digit of ((-100)/(-6))/(4/r)?
5
Suppose -4 + 2 = -2*x. Suppose x + 6 = 2*m - u, u + 2 = m. Suppose -2*i + 15 = -m. What is the tens digit of i?
1
Let d be (-1)/2*2 + 4. Let n = d - 0. Suppose -16 = -4*m - 2*g, g - 5*g = -n*m + 23. What is the units digit of m?
5
Suppose 3*y - 498 = -2*i, y + 5*i - 22 = 157. What is the units digit of y?
4
Suppose 10 = 4*q + q. Let n = 6 - q. What is the units digit of n?
4
Suppose 0 = 3*w - 5*n - 872, 0*w - w - 3*n + 300 = 0. What is the tens digit of w?
9
Let b(k) = k**2 - 1 + k + 8 + 5*k. What is the units digit of b(-7)?
4
What is the tens digit of 0/(-1) + (-16 - -116)?
0
Let z(b) = -b**2 - 12*b - 12. Let v = -22 - -13. Let f be z(v). Suppose -6 = -3*d + f. What is the units digit of d?
7
Suppose 4*p = 3*x + 3*p - 106, -3*p = -6. What is the units digit of x?
6
What is the tens digit of 599/6 + 9/54?
0
Let n(w) = 3*w - 1. Let p be n(1). Suppose 3*y + 4*v = 35, -5*y + v = -7 - 13. Suppose -4*s = -r + 13, 0 = -p*s - 1 - y. What is the units digit of r?
1
Suppose 0 = -2*s + u + 100, 4*s = 3*u - 5*u + 208. What is the units digit of s?
1
Let q = 10 - 9. Let f be 1*(q + -1) - 0. Suppose -4*o = 2*i - f*i - 2, -5*i + 2*o = -29. What is the units digit of i?
5
Let b(n) = n**2 - 6*n - 11. Let g be b(8). Suppose -5*x - 835 = -g*y, -2*x - 395 = 5*y - 33. What is the units digit of (4/(-6))/(6/x)?
9
Suppose 4*q + 13 - 41 = 0. Let t = 7 - q. Suppose -u - n + 12 = -t, -5*u + 5*n = -20. What is the units digit of u?
8
Let l = -4 - -36. What is the tens digit of l?
3
Suppose 3*f - 15 = 0, i - 18 - 6 = -5*f. Let b = i - -3. What is the units digit of b?
2
Let h(s) = s**3 + 8*s**2 + 6*s - 2. Let j be h(-8). What is the units digit of j/(-4) - (-30)/(-20)?
1
Let u(y) = -5*y**3 - 3*y - 2. What is the tens digit of u(-2)?
4
Suppose -6*f + 2*x = -4*f - 6, 3*f + 16 = -2*x. What is the tens digit of -3 + 12 - 4/f?
1
Let p(v) = -v**3 + 8*v**2 + v - 2. Let i be p(8). Suppose i*k = k + 25. What is the units digit of k?
5
Let d = 38 - 26. What is the tens digit of d?
1
Let o(q) = -2*q + 1. Let y be o(-7). Let l = 23 - y. Let f(d) = -d**3 + 9*d**2 - 7*d - 5. What is the units digit of f(l)?
3
Let s(g) = 2*g. Suppose -n - 2*j + 1 + 10 = 0, 0 = 4*n + 3*j - 19. Let b be s(n). What is the units digit of (2/(-4))/(b/(-52))?
3
Suppose 17 = -4*z - 7. Let i = -4 - z. What is the units digit of (-4 - -3)/(i/(-12))?
6
Let m(o) be the third derivative of -11*o**6/24 - o**5/60 - o**4/24 - o**3/6 - o**2. What is the tens digit of m(-1)?
5
Let x(t) be the third derivative of t**5/30 - t**4/4 + t**3/6 + 5*t**2. Suppose 2*s - 6 = 2. What is the units digit of x(s)?
9
Let h = -164 + 230. Let i = h + -31. Suppose -5*f - i = -10*f. What is the units digit of f?
7
Let b = -28 + 10. Let a = b - -31. Suppose -a - 19 = -4*p. What is the unit